+ 10 = 0. Suppose 0 = -l*p - p + 4*w + 274, -p + 103 = w. Calculate the highest common factor of p and 14.
14
Suppose -2*a = -5*g + 2*a - 25, 2*g + 5*a + 10 = 0. Let z be (-2 + 8/g)*-25. Suppose -k + 6*k - z = 0. What is the greatest common factor of 12 and k?
6
Let k = 232 - 122. Let v(z) = z**2 + 10. Let d be v(0). Calculate the highest common divisor of k and d.
10
Let h = 1 - -5. Let t be 88/h - 2/3. What is the highest common divisor of 35 and t?
7
Suppose 14*t - 27 = 5*t. Calculate the highest common divisor of t and 2.
1
Suppose 86 = 4*y - k, 2*y + k = 3*k + 40. What is the highest common factor of y and 22?
22
Let z = 29 - -24. Let m be z - 1 - 6/(-2). Calculate the greatest common factor of m and 11.
11
Suppose 2*j + 2 = 4. Let w be 4*j/(-2)*-4. What is the highest common factor of w and 1?
1
Let u be (-2)/(-4) + (-114)/(-12)*1. Calculate the greatest common factor of u and 2.
2
Let z = -6 + 36. What is the greatest common factor of z and 20?
10
Suppose -2*a = -4*a + k - 1, 0 = -3*a + 3*k + 6. Let z be 2/(-3) - 35/a. Calculate the greatest common divisor of 55 and z.
11
Suppose -p + 13 = 3*j, -2*j - p = 2 - 11. What is the highest common factor of j and 4?
4
Let k be -2 - -4 - (-16 - 0). What is the greatest common factor of k and 9?
9
Suppose -29*u = -36*u + 980. What is the highest common factor of u and 20?
20
Let a = 0 + 0. Suppose a = -3*t + 2*t + 12. Suppose -390 = 3*f - 6*f + 2*q, 2*f - 5*q = 249. Calculate the highest common divisor of t and f.
12
Let i(v) = -v**2 - 22*v - 36. Let j be i(-14). Calculate the highest common divisor of j and 4.
4
Let i(f) be the second derivative of 2*f**3/3 - 3*f**2 + 5*f. Let u = 5 + -1. Let z be i(u). What is the highest common factor of z and 2?
2
Let s(y) = -3*y + 3. Let o be s(-4). Suppose 31*l - 6 = 30*l. What is the greatest common factor of l and o?
3
Suppose 2*t + 32 = 6*t. Let h = t + -5. Let i be -1 - -3 - -1 - 0. Calculate the greatest common factor of h and i.
3
Let b be 54/15*25/10. What is the greatest common divisor of b and 81?
9
Let j be 2/(-3) - 32/6. Let q(o) = -9 - 23*o - 3 + 2 + 4. Let c be q(j). Calculate the greatest common factor of 12 and c.
12
Suppose h = 4, 2*y + 4*h + 21 = 59. Let m(w) = 7*w - 12. Let z be m(8). What is the greatest common factor of z and y?
11
Let c(b) = b**2 + 9*b - 6. Let g be c(-10). Let i be -2 + 0 - (-51 + g). What is the greatest common divisor of 9 and i?
9
Let k be 1*-3 - (-128)/8. Let m = -1 + k. What is the highest common divisor of 84 and m?
12
Let h be 7*(16*1)/2. Let g be 2 + (-4 + 2)/(-2). Suppose g*r + 3 = 6*r, -s + 2*r + 5 = 0. What is the highest common factor of s and h?
7
Let d be 1/((-2)/(-4)*2). Let z be d/(-2) + (-49)/(-2). Suppose 0*t = 4*t - z. What is the highest common factor of 66 and t?
6
Let j(u) = -u**3 - 2*u**2 - 12*u - 21. Let h be j(-7). Calculate the greatest common factor of 28 and h.
28
Suppose 2*z = z. Suppose -4*q = -z*q - 56. Suppose -i = -4*r + 88, 4*r + 2*i - 4*i - 92 = 0. What is the highest common factor of r and q?
7
Suppose 175 = 4*z + z. Calculate the highest common factor of z and 5.
5
Let j(p) = -p**3 - 2*p**2 - 2*p - 2. Let b be j(-2). Suppose 4*l = 2*m + 126, 0 = -5*l + b*m + 71 + 89. Calculate the greatest common divisor of 17 and l.
17
Suppose 10 = -2*k, -5*w = -k + 3*k - 120. Let q(x) = x**2 + 10*x - 17. Let n be q(4). Calculate the highest common factor of n and w.
13
Let k = 12 + -14. Let y = k + 10. Let c = -6 + 10. Calculate the greatest common factor of c and y.
4
Let s(l) = l**2 + 7*l - 11. Let f be s(-9). Let d = 15 - f. Let x = -9 - -13. What is the highest common factor of d and x?
4
Let h be (1001/52)/((-2)/(-16)). What is the highest common factor of h and 14?
14
Let l(d) = -d - 3. Let q be l(-6). Let f be 7/q - (-1)/(-3). Suppose 0 = -2*y + 8 + 20. Calculate the greatest common divisor of y and f.
2
Suppose 2*c - 2*f - 92 = 0, -1 - 1 = 2*f. Let k be (-3)/12 - 74/(-8). Calculate the greatest common divisor of c and k.
9
Let w be ((-68)/(-12))/(1/3). Suppose -5*o = 3*a + 131 - 568, -5*o + 2*a = -417. Calculate the greatest common divisor of o and w.
17
Let m(l) = -5*l**2 - 3*l + 6. Let u(g) = g**2. Let n(z) = m(z) + 6*u(z). Let b be n(4). What is the highest common factor of b and 20?
10
Let d be 735/30 + (-2)/4. Calculate the greatest common factor of d and 3.
3
Suppose 4*k + 8 + 12 = 0. Let m be (k + 4)/(1/(-18)). Suppose -5*j = -2*h - 227, -223 + 40 = -4*j + 3*h. Calculate the greatest common factor of m and j.
9
Let t = -7 + 9. Suppose -q = k + 4*q - 79, -t*k - 3*q + 193 = 0. What is the greatest common divisor of 13 and k?
13
Let t = -3 - -7. Suppose -t*z + 29 = 1. Suppose a - z = 1. Calculate the highest common factor of a and 8.
8
Let x(h) = -81*h**2 - 1. Let p be x(1). Suppose 6*f - 3*f + 662 = -5*c, c - 3*f + 118 = 0. Let w = p - c. What is the greatest common divisor of 24 and w?
24
Let o = 0 + 4. Let t(u) = -o*u - u**3 - 4 + u - u**2 - 1. Let c be t(-4). Calculate the greatest common divisor of c and 22.
11
Let v be (-10)/8*(-5 + 1). Suppose -w + 35 = -v. Calculate the greatest common divisor of 5 and w.
5
Let p(l) = -l + 4 + 3*l - l. Let n be p(9). What is the highest common factor of n and 13?
13
Let k(p) = 16*p**2 - p + 2. Let h be k(3). Suppose -91 = -3*d - 4*d. What is the greatest common divisor of h and d?
13
Let g(p) = -p**3 + 2*p**2 + p + 4. Let u be g(-2). Calculate the highest common divisor of u and 12.
6
Let c be 11/((-44)/72)*-1. What is the greatest common factor of c and 54?
18
Suppose -4*j + 15 = j, 0 = -3*y - 3*j + 57. What is the highest common factor of 2 and y?
2
Let j = 81 - 76. Calculate the greatest common factor of 25 and j.
5
Let g be (2 - 5/2)*-108. Let b(t) = -2*t + 8. Let s be b(-5). Calculate the highest common divisor of s and g.
18
Suppose -8 + 14 = 3*g. Calculate the greatest common divisor of 2 and g.
2
Let r(d) = -d**3 + 5*d**2 + 7*d - 4. Let n be r(5). Calculate the greatest common factor of n and 248.
31
Let a(n) = 10*n**2. Let h be a(1). Let u(b) = -4*b + 6. Let z be u(0). Let r = h - z. What is the highest common factor of 2 and r?
2
Suppose -5*n + n = -20. Suppose -8*a = -4*a - 300. Suppose n*g - a = -0*h - 5*h, 5*g + 65 = 5*h. Calculate the greatest common divisor of h and 42.
14
Let u(r) = -r**3 + 2*r**2 + 3*r - 2. Let c be u(-3). What is the highest common factor of 17 and c?
17
Suppose -v - 2*k - 42 = -4*v, -3*v + k = -45. What is the greatest common factor of 8 and v?
8
Let x be (-2 - -7) + -1 - -17. Calculate the highest common divisor of x and 63.
21
Let f = -1 - -3. Let d(y) = -y + 3. Let n be d(f). Let x(h) = 5*h**3 + h - 1. Let j be x(1). Calculate the greatest common factor of n and j.
1
Let w(c) = -c**3 + 6*c**2 + 8*c - 3. Let b be w(7). Suppose 200 = -0*v + b*v. Let s = 12 + 8. Calculate the greatest common divisor of v and s.
10
Suppose 5*f - 19 = 131. Let b be 43 - (-4 - (-2 + 0)). What is the highest common factor of b and f?
15
Let l(p) = -3*p - 3. Let z be l(-7). Calculate the greatest common factor of z and 6.
6
Suppose 3*m - 15 = -0*m. Suppose w = -3*w + 24. Suppose w = f - 19. What is the highest common factor of m and f?
5
Suppose 5*d = 2*p + d + 14, -5*d + 25 = 0. Let w be (p - 1)*10/10. What is the greatest common divisor of w and 2?
2
Let g(p) = -p**2 - 8*p + 1. Let l = -2 + 4. Suppose l*q + 5 = -9. Let w be g(q). Calculate the highest common factor of 64 and w.
8
Let w = 71 - 36. Let i be 36/(-15)*w/(-2). Calculate the greatest common factor of 14 and i.
14
Let j be 76/3 + (10/15)/(-2). Calculate the highest common divisor of 10 and j.
5
Let s = 14 + -48. Let k = s - -50. Calculate the greatest common factor of k and 2.
2
Let v be 7 + (-4*1 - -3). What is the highest common divisor of 36 and v?
6
Suppose 2*u + 5*m - 107 = -0*m, 4*u - 2*m = 226. Calculate the highest common factor of 14 and u.
14
Let r(o) = 2*o**2 - 2*o + 2. Let f be r(2). Let h(n) = 2*n**2 + 4*n - 1. Let w be h(-4). What is the greatest common divisor of w and f?
3
Let g(m) = 2*m**2 - 2*m**2 + 3*m + 3*m**2. Let v be g(-6). Let r(h) = -2*h - 5. Let j be r(-7). Calculate the greatest common divisor of v and j.
9
Let p(s) = s**3 - s**2 - 3*s - 2. Let q be p(-2). Let w = q - -13. Let g(f) = -f**2 - 9*f - 9. Let d be g(-7). Calculate the highest